1, -4*y = 5*m - 33. Let i be 1/(-6)*y*-186 - 1. Suppose -5*z = f - 60 - 28, -i = -f + 4*z. What is the tens digit of f?
7
Let f be 3870/(-81) - (-2)/(-9). Let q = 117 + f. Let b = 180 - q. What is the hundreds digit of b?
1
Let d = 8235 - -6149. What is the ten thousands digit of d?
1
Let j be ((-6)/5)/((-18)/840). Let o = -53 + j. Suppose 0 = -2*v + o*v - 58. What is the units digit of v?
8
Suppose 230623 = 101*h - 277811. What is the tens digit of h?
3
What is the tens digit of 25585 - ((-2600)/(-1625))/(0 + 2/(-5))?
8
Suppose 5*x - 30174 = -4*l, 0*l = l - 2*x - 7550. What is the tens digit of l?
4
Suppose 10*p = -112 - 88. Let j = p - -722. What is the units digit of j?
2
Let c be (3/(36/40))/(2/180). What is the hundreds digit of 41280/c - 3/10*2?
1
Let b = 32 + -65. Let m = -32 - b. What is the units digit of (m - 0) + 90/(-4)*-6?
6
Let b(s) = -s**2 + 21*s + 17. Let x be b(25). Let v = x - -70. Let l = v + 72. What is the units digit of l?
9
Let z(a) = -16*a**3 - 7 + 20 + 6*a - a - 11. What is the units digit of z(-4)?
6
Let d(y) = 6*y**2 + 269*y - 365. What is the tens digit of d(-59)?
5
Let y be (36 + -1)*(-2 + 3). Let h be 15/y + 64/14. Let v(o) = 4*o - 3. What is the units digit of v(h)?
7
Suppose -4*x = 156 + 48. Let d(h) = 25*h - 2. Let l be d(4). Let k = x + l. What is the tens digit of k?
4
Let k be (-4)/(20/25) + 35. Suppose j - k - 89 = 0. What is the hundreds digit of j?
1
Let q be (-182)/9 - (-4)/18. Let c be 2/((q/(-375))/(-2)). Let u = c - -147. What is the units digit of u?
2
Suppose 277068 = -30*w + 62*w - 21300. What is the hundreds digit of w?
3
Let w be (-1 + 3)/(27/(-297)). Let z = -5 + 35. Let u = z + w. What is the units digit of u?
8
What is the ten thousands digit of (-10)/(-20) + (-22)/(-4) - (-1080758)/38?
2
Let y be (-4)/8 - (-3321)/6. Let v = y - 298. Suppose -2*q + 3*g = -253, v = 5*q - 3*q - g. What is the hundreds digit of q?
1
Let w(c) = 22491*c + 112. What is the ten thousands digit of w(1)?
2
Suppose 3*h - 53208 - 140460 = -4*p, 4*h - 193672 = -4*p. What is the hundreds digit of p?
4
What is the hundreds digit of (-802496)/(-50) - 584/(-438)*(-6)/(-100)?
0
Suppose z - 168 = -7*z. Suppose 0*q = -3*q - z. What is the tens digit of (-3)/q + 1173/7?
6
Suppose -9*x - y = -8*x + 161, -5*x = -5*y + 795. Let g = x + 182. What is the units digit of g?
2
What is the hundreds digit of -9485*(-19 - (-5 - 13))?
4
Let z(y) = -2*y - 38. Let u be z(-19). Suppose u = -6*s + 2869 + 659. What is the tens digit of s?
8
Suppose 3*u - 2*x - 22 = 0, 2*x = -u - 2*u + 2. Suppose -629 = -u*s - 165. What is the units digit of s?
6
Let b = 30422 + -5701. What is the units digit of b?
1
Suppose 2*d = -7*d. Let n be 4 - (1 + 5) - (d + -7). Suppose m = n*m - 344. What is the tens digit of m?
8
Suppose 4*i - 38 + 10 = -2*y, 3*i - 19 = -y. Let m be (0/(-14))/(y/2). Suppose -5*q + 155 = -m*q. What is the tens digit of q?
3
Let s(a) = a**3 + 56*a**2 + 136*a + 57. Let h = -117 - -64. What is the thousands digit of s(h)?
1
Let x(s) = 63*s**3 - s**2 + 1. Let p(h) = h**2 + 6*h + 6. Suppose 4*z = -0*z - 20. Let m be p(z). What is the units digit of x(m)?
3
Suppose 5*h + 2*m = 69129, -17*h - 4*m = -19*h + 27618. What is the ten thousands digit of h?
1
Suppose 7810713 = 87*u + 2309007. What is the hundreds digit of u?
2
Let t be 1*(0 + 3) + (-17)/(-1). Suppose y = 138 - t. Let u = y - 65. What is the tens digit of u?
5
Let f(k) = -92*k**2 + 7*k + 14. Let o be f(-2). Let h = o - -182. Let g = 278 + h. What is the tens digit of g?
9
Suppose -25*y = -21*y - 16. What is the units digit of 32/(-64)*(y - 2)*-67?
7
Suppose 0 = -9*u + 4*u + 4*t + 11042, 2*t = -5*u + 11054. Suppose u = 13*x - 8*x. What is the units digit of x?
2
Suppose 2*m + 5*z = -15, -4*m - 2 + 5 = -z. Suppose 2*p - y = p + 99, 2*p - 5*y - 186 = m. What is the tens digit of p?
0
Let d = 430 + -425. Suppose -19*g = -d*g - 4732. What is the hundreds digit of g?
3
Suppose -3*z + 5*b + 168452 = 0, -2*z - 51*b + 112344 = -49*b. What is the thousands digit of z?
6
Let l be 1/(-1)*15/(-10)*2. Suppose s + r - 6 = 0, -8*s - 4*r + 28 = -l*s. Suppose s*q = 6*c - 5*c + 467, 472 = 4*q + 4*c. What is the hundreds digit of q?
1
Let o(c) = 68*c**2 + 203 - 2*c + 346 - 37*c**2 - 32*c**2. What is the units digit of o(0)?
9
What is the ten thousands digit of (37895 - (13 - 32)) + -20?
3
What is the hundreds digit of (-24598)/(-8)*4 - 11?
2
Suppose 2634 + 3999 = 9*r. What is the hundreds digit of r?
7
What is the ten thousands digit of (-5 + 2)/((-112164)/(-22434) - 5)?
1
Suppose 0 = 17*y - 19*y + 9542. Suppose 28*k + 3*z = 33*k - y, -4*k - z = -3827. What is the tens digit of k?
5
Let a(g) = 226*g**3 - g. Let l(r) = -6*r - 89. Let h be l(-15). What is the hundreds digit of a(h)?
2
What is the thousands digit of (10 - (-767)/(-26))/(6/(-7624))?
4
What is the thousands digit of (7 + -2 - 32/6)*(1 + -35428)?
1
Let c be 110/(-6) - (-9)/27. Let o = 42 - 46. What is the hundreds digit of (-719)/o - c/(-24)?
1
Suppose -89*y + 8402471 = 98*y. What is the thousands digit of y?
4
Suppose 25*j = 8767 + 1733. Suppose 5*u + 3*a - 6934 = 0, -5*u + j + 6508 = a. What is the thousands digit of u?
1
Suppose -v + 6791 = -3*d - 12889, -8*d = -24. What is the thousands digit of v?
9
Suppose 45*r - y + 29891 = 48*r, 3*r = y + 29899. What is the thousands digit of r?
9
Let n = 104 - 105. What is the units digit of (n - 9/(-12)) + (-11715)/(-44)?
6
Let l(g) = -6*g - 2. Let c be l(-1). What is the tens digit of 388 + (-12)/(-6 + c)?
9
Suppose -3*s + 5*d + 325 = 0, -3*s + d = -s - 212. Suppose s = -15*o + 10*o. Let n = o + 302. What is the tens digit of n?
8
Suppose -39*g = 466982 - 1368506. What is the ten thousands digit of g?
2
Let b(v) = -2*v**2 - 124*v + 842. What is the thousands digit of b(-60)?
1
Let r(q) = 13*q - 6. Let j be r(1). Suppose -j*g - 3209 + 69849 = 0. What is the tens digit of (g/90 + 4/18)*1?
0
What is the thousands digit of ((-90)/(-12) - 6) + (-8)/(80/(-416735))?
1
Suppose 3*p = -5*a - 18, 2*a + 7 = -p - 0*p. Let d be (0/(-1) - -4) + p. Suppose -2*t - d*x = x - 142, 5*t = x + 377. What is the units digit of t?
5
Let s(y) = 16721*y - 2085. What is the tens digit of s(2)?
5
Let q(h) = -h**2 - 169*h + 22. What is the hundreds digit of q(-23)?
3
Suppose 21*x + 12291 = 49*x - 65185. What is the units digit of x?
7
Let w(t) be the second derivative of 58*t**3/3 + 77*t**2/2 - 44*t + 1. What is the tens digit of w(5)?
5
Suppose -p - 2220 = 3*p - 5*j, -p + 5*j - 570 = 0. Suppose 3*c = -5*u - 3, -2*c + u + u = -14. What is the hundreds digit of (-2 - p/4)/(2/c)?
2
Let n = 48 - 47. Suppose 2*i = 3 - n, 3*i - 75 = -3*y. Let v = y - -117. What is the hundreds digit of v?
1
Let o(m) = 14986*m**2 - 252*m + 251. What is the hundreds digit of o(1)?
9
Suppose 6*y = -52 + 442. Suppose 243 = 2*i - h + y, 274 = 3*i - 5*h. Suppose 0 = -3*c + i - 13. What is the units digit of c?
5
Let z be ((-1)/((-3)/(-18)))/(-2). Suppose -4*g + 6702 = -4*h + 170, -4923 = -z*g - 5*h. What is the tens digit of g?
3
Suppose -2*j + 4 = 0, m + 4*j + 2 + 4 = 0. Let p(i) be the second derivative of -i**3/3 + 3*i**2 - 5*i. What is the tens digit of p(m)?
3
Suppose 53691 = 29*u - 3120. What is the tens digit of u?
5
Let d be -2 - ((4 - 0)*-1 - 5). Suppose -x = 5*s + 9, -2*x + s + d - 3 = 0. What is the units digit of (x - (-8)/(-10)) + (-19020)/(-150)?
7
What is the hundreds digit of 4/128 + (-62092075)/(-2720)?
8
Let q = -191 + 401. Suppose 0*m = 2*m - q. Let w = -31 + m. What is the units digit of w?
4
Suppose -3*s = -2*n - 42271 + 9518, 32748 = 3*s + 3*n. What is the thousands digit of s?
0
Suppose -5308*a + 5301*a = -22981. What is the units digit of a?
3
Let n = 82 - 77. Suppose n*d - 3*d - 886 = 4*x, -1758 = -4*d + x. What is the units digit of d?
9
Suppose -3*o = 2*o + 3960. Let z be (o/10)/(173/25 - 7). Suppose 0*i = 6*i - z. What is the hundreds digit of i?
1
Let c(x) = x**3 + 17*x**2 + 5*x - 11. Suppose 0 = 6*r - 10*r - 64. Let g be c(r). Suppose 9*p = 4*p + g. What is the tens digit of p?
3
Let v be 61275/(-33) + 40/(-220). Let c = -1104 - v. What is the hundreds digit of c?
7
Let k(s) = -30*s**3 - 37*s**2 + 8*s + 185. What is the tens digit of k(-10)?
0
Let m = -29 - -29. Suppose -6*t + m*t + 12 = 0. Suppose t*p + 8 = 0, 4*c - 5*p = 1